{"id":442,"date":"2022-07-26T11:18:53","date_gmt":"2022-07-26T09:18:53","guid":{"rendered":"https:\/\/concours-danseclassique-arabesque.com\/?page_id=442"},"modified":"2023-09-26T21:01:15","modified_gmt":"2023-09-26T19:01:15","slug":"resultats-du-concours-2022","status":"publish","type":"page","link":"https:\/\/concours-danseclassique-arabesque.com\/index.php\/resultats-du-concours-2022\/","title":{"rendered":"R\u00e9sultats du concours 2022"},"content":{"rendered":"\n<figure class=\"wp-block-image size-large\"><img loading=\"lazy\" decoding=\"async\" width=\"1024\" height=\"731\" src=\"http:\/\/concours-danseclassique-arabesque.com\/wp-content\/uploads\/2022\/07\/7-Sara-ADAM_8673-1024x731.jpg\" alt=\"Sara ADAM, Prix Lyane Dayde\" class=\"wp-image-444\" srcset=\"https:\/\/concours-danseclassique-arabesque.com\/wp-content\/uploads\/2022\/07\/7-Sara-ADAM_8673-1024x731.jpg 1024w, https:\/\/concours-danseclassique-arabesque.com\/wp-content\/uploads\/2022\/07\/7-Sara-ADAM_8673-300x214.jpg 300w, https:\/\/concours-danseclassique-arabesque.com\/wp-content\/uploads\/2022\/07\/7-Sara-ADAM_8673-768x548.jpg 768w, https:\/\/concours-danseclassique-arabesque.com\/wp-content\/uploads\/2022\/07\/7-Sara-ADAM_8673-1536x1096.jpg 1536w, https:\/\/concours-danseclassique-arabesque.com\/wp-content\/uploads\/2022\/07\/7-Sara-ADAM_8673-2048x1461.jpg 2048w\" sizes=\"(max-width: 706px) 89vw, (max-width: 767px) 82vw, 740px\" \/><figcaption>Sara ADAM, Prix Liane Dayde du concours Arabesque de Beaugency 2022<\/figcaption><\/figure>\n\n\n\n<figure class=\"wp-block-image size-large\"><img loading=\"lazy\" decoding=\"async\" width=\"1024\" height=\"731\" src=\"http:\/\/concours-danseclassique-arabesque.com\/wp-content\/uploads\/2022\/07\/3-Nick_30940-1024x731.jpg\" alt=\"Nick Deckers, Grand prix Arabesque 2022\" class=\"wp-image-443\" srcset=\"https:\/\/concours-danseclassique-arabesque.com\/wp-content\/uploads\/2022\/07\/3-Nick_30940-1024x731.jpg 1024w, https:\/\/concours-danseclassique-arabesque.com\/wp-content\/uploads\/2022\/07\/3-Nick_30940-300x214.jpg 300w, https:\/\/concours-danseclassique-arabesque.com\/wp-content\/uploads\/2022\/07\/3-Nick_30940-768x548.jpg 768w, https:\/\/concours-danseclassique-arabesque.com\/wp-content\/uploads\/2022\/07\/3-Nick_30940-1536x1096.jpg 1536w, https:\/\/concours-danseclassique-arabesque.com\/wp-content\/uploads\/2022\/07\/3-Nick_30940-2048x1461.jpg 2048w\" sizes=\"(max-width: 706px) 89vw, (max-width: 767px) 82vw, 740px\" \/><figcaption>Nick Deckers, Grand prix Arabesque du concours Arabesque de Beaugency 2022<\/figcaption><\/figure>\n\n\n\n<figure class=\"wp-block-image size-large\"><img loading=\"lazy\" decoding=\"async\" width=\"1024\" height=\"731\" src=\"http:\/\/concours-danseclassique-arabesque.com\/wp-content\/uploads\/2022\/07\/8-Silya-TAHRAT_8770-1024x731.jpg\" alt=\"Silya TAHRAT, Coup de coeur Pr\u00e9-pro du jury\" class=\"wp-image-447\" srcset=\"https:\/\/concours-danseclassique-arabesque.com\/wp-content\/uploads\/2022\/07\/8-Silya-TAHRAT_8770-1024x731.jpg 1024w, https:\/\/concours-danseclassique-arabesque.com\/wp-content\/uploads\/2022\/07\/8-Silya-TAHRAT_8770-300x214.jpg 300w, https:\/\/concours-danseclassique-arabesque.com\/wp-content\/uploads\/2022\/07\/8-Silya-TAHRAT_8770-768x548.jpg 768w, https:\/\/concours-danseclassique-arabesque.com\/wp-content\/uploads\/2022\/07\/8-Silya-TAHRAT_8770-1536x1096.jpg 1536w, https:\/\/concours-danseclassique-arabesque.com\/wp-content\/uploads\/2022\/07\/8-Silya-TAHRAT_8770-2048x1461.jpg 2048w\" sizes=\"(max-width: 706px) 89vw, (max-width: 767px) 82vw, 740px\" \/><figcaption>Silya TAHRAT, Coup de coeur Pr\u00e9-pro du jury, du concours Arabesque de Beaugency 2022<\/figcaption><\/figure>\n\n\n\n<figure class=\"wp-block-image size-large\"><img loading=\"lazy\" decoding=\"async\" width=\"1024\" height=\"731\" src=\"http:\/\/concours-danseclassique-arabesque.com\/wp-content\/uploads\/2022\/07\/1-Anastasia-MOREAU_0858-1024x731.jpg\" alt=\"Anastasia MOREAU, Prix Arabesque\" class=\"wp-image-445\" srcset=\"https:\/\/concours-danseclassique-arabesque.com\/wp-content\/uploads\/2022\/07\/1-Anastasia-MOREAU_0858-1024x731.jpg 1024w, https:\/\/concours-danseclassique-arabesque.com\/wp-content\/uploads\/2022\/07\/1-Anastasia-MOREAU_0858-300x214.jpg 300w, https:\/\/concours-danseclassique-arabesque.com\/wp-content\/uploads\/2022\/07\/1-Anastasia-MOREAU_0858-768x548.jpg 768w, https:\/\/concours-danseclassique-arabesque.com\/wp-content\/uploads\/2022\/07\/1-Anastasia-MOREAU_0858-1536x1096.jpg 1536w, https:\/\/concours-danseclassique-arabesque.com\/wp-content\/uploads\/2022\/07\/1-Anastasia-MOREAU_0858-2048x1461.jpg 2048w\" sizes=\"(max-width: 706px) 89vw, (max-width: 767px) 82vw, 740px\" \/><figcaption>Anastasia MOREAU, Prix Arabesque du concours Arabesque de Beaugency 2022<\/figcaption><\/figure>\n\n\n\n<figure class=\"wp-block-image size-large\"><img loading=\"lazy\" decoding=\"async\" width=\"1024\" height=\"731\" src=\"http:\/\/concours-danseclassique-arabesque.com\/wp-content\/uploads\/2022\/07\/Madeleine-30424-1024x731.jpg\" alt=\"Madeleine SCHMITZ, coup de coeur Amateur du jury\" class=\"wp-image-448\" srcset=\"https:\/\/concours-danseclassique-arabesque.com\/wp-content\/uploads\/2022\/07\/Madeleine-30424-1024x731.jpg 1024w, https:\/\/concours-danseclassique-arabesque.com\/wp-content\/uploads\/2022\/07\/Madeleine-30424-300x214.jpg 300w, https:\/\/concours-danseclassique-arabesque.com\/wp-content\/uploads\/2022\/07\/Madeleine-30424-768x548.jpg 768w, https:\/\/concours-danseclassique-arabesque.com\/wp-content\/uploads\/2022\/07\/Madeleine-30424-1536x1096.jpg 1536w, https:\/\/concours-danseclassique-arabesque.com\/wp-content\/uploads\/2022\/07\/Madeleine-30424.jpg 2000w\" sizes=\"(max-width: 706px) 89vw, (max-width: 767px) 82vw, 740px\" \/><figcaption>Madeleine SCHMITZ, coup de coeur Amateur du jury du concours Arabesque Beaugency 2022<\/figcaption><\/figure>\n\n\n\n<div class=\"wp-block-buttons is-content-justification-center is-layout-flex wp-block-buttons-is-layout-flex\">\n<div class=\"wp-block-button\"><a class=\"wp-block-button__link\" href=\"http:\/\/concours-danseclassique-arabesque.com\/telechargement\/Resultat_concours_2022.pdf\" target=\"_blank\" rel=\"noreferrer noopener\">T\u00e9l\u00e9charger les r\u00e9sultats du concours<\/a><\/div>\n<\/div>\n","protected":false},"excerpt":{"rendered":"","protected":false},"author":1,"featured_media":0,"parent":0,"menu_order":0,"comment_status":"closed","ping_status":"closed","template":"","meta":{"footnotes":""},"yoast_head":"<!-- This site is optimized with the Yoast SEO plugin v17.5 - https:\/\/yoast.com\/wordpress\/plugins\/seo\/ -->\n<title>R\u00e9sultats du concours 2022 - 6 \u00e8me CONCOURS DE DANSE CLASSIQUE ARABESQUE 2026<\/title>\n<meta name=\"description\" content=\"CONCOURS NATIONAL DANSE CLASSIQUE ARABESQUE\" \/>\n<meta name=\"robots\" content=\"index, follow, max-snippet:-1, max-image-preview:large, max-video-preview:-1\" \/>\n<link rel=\"canonical\" href=\"http:\/\/concours-danseclassique-arabesque.com\/index.php\/resultats-du-concours-2022\/\" \/>\n<meta property=\"og:locale\" content=\"fr_FR\" \/>\n<meta property=\"og:type\" content=\"article\" \/>\n<meta property=\"og:title\" content=\"R\u00e9sultats du concours 2022 - 6 \u00e8me CONCOURS DE DANSE CLASSIQUE ARABESQUE 2026\" \/>\n<meta property=\"og:description\" content=\"CONCOURS NATIONAL DANSE CLASSIQUE ARABESQUE\" \/>\n<meta property=\"og:url\" content=\"http:\/\/concours-danseclassique-arabesque.com\/index.php\/resultats-du-concours-2022\/\" \/>\n<meta property=\"og:site_name\" content=\"6 \u00e8me CONCOURS DE DANSE CLASSIQUE ARABESQUE 2026\" \/>\n<meta property=\"article:modified_time\" content=\"2023-09-26T19:01:15+00:00\" \/>\n<meta property=\"og:image\" content=\"http:\/\/concours-danseclassique-arabesque.com\/wp-content\/uploads\/2022\/07\/7-Sara-ADAM_8673-1024x731.jpg\" \/>\n<meta name=\"twitter:card\" content=\"summary_large_image\" \/>\n<meta name=\"twitter:site\" content=\"@CBeaugency\" \/>\n<script type=\"application\/ld+json\" class=\"yoast-schema-graph\">{\"@context\":\"https:\/\/schema.org\",\"@graph\":[{\"@type\":\"Organization\",\"@id\":\"https:\/\/concours-danseclassique-arabesque.com\/#organization\",\"name\":\"Les amis de la Danse\",\"url\":\"https:\/\/concours-danseclassique-arabesque.com\/\",\"sameAs\":[\"https:\/\/twitter.com\/CBeaugency\"],\"logo\":{\"@type\":\"ImageObject\",\"@id\":\"https:\/\/concours-danseclassique-arabesque.com\/#logo\",\"inLanguage\":\"fr-FR\",\"url\":\"http:\/\/concours-danseclassique-arabesque.com\/wp-content\/uploads\/2020\/12\/Logo_Concours_Danse_Classique_Arabesque.jpg\",\"contentUrl\":\"http:\/\/concours-danseclassique-arabesque.com\/wp-content\/uploads\/2020\/12\/Logo_Concours_Danse_Classique_Arabesque.jpg\",\"width\":162,\"height\":162,\"caption\":\"Les amis de la Danse\"},\"image\":{\"@id\":\"https:\/\/concours-danseclassique-arabesque.com\/#logo\"}},{\"@type\":\"WebSite\",\"@id\":\"https:\/\/concours-danseclassique-arabesque.com\/#website\",\"url\":\"https:\/\/concours-danseclassique-arabesque.com\/\",\"name\":\"CONCOURS DE DANSE CLASSIQUE ARABESQUE\",\"description\":\"Le prochain concours aura lieu le dimanche 1er mars 2026 , au complexe Alain Jarsaillon \\u00e0 BEAUGENCY (Loiret).                                                                          Ateliers, \\u00e9valuation pr\\u00e9professionnelle et prises de plateau le samedi 28 f\\u00e9vrier 2026.\",\"publisher\":{\"@id\":\"https:\/\/concours-danseclassique-arabesque.com\/#organization\"},\"potentialAction\":[{\"@type\":\"SearchAction\",\"target\":{\"@type\":\"EntryPoint\",\"urlTemplate\":\"https:\/\/concours-danseclassique-arabesque.com\/?s={search_term_string}\"},\"query-input\":\"required name=search_term_string\"}],\"inLanguage\":\"fr-FR\"},{\"@type\":\"ImageObject\",\"@id\":\"http:\/\/concours-danseclassique-arabesque.com\/index.php\/resultats-du-concours-2022\/#primaryimage\",\"inLanguage\":\"fr-FR\",\"url\":\"http:\/\/concours-danseclassique-arabesque.com\/wp-content\/uploads\/2022\/07\/7-Sara-ADAM_8673-1024x731.jpg\",\"contentUrl\":\"http:\/\/concours-danseclassique-arabesque.com\/wp-content\/uploads\/2022\/07\/7-Sara-ADAM_8673-1024x731.jpg\"},{\"@type\":\"WebPage\",\"@id\":\"http:\/\/concours-danseclassique-arabesque.com\/index.php\/resultats-du-concours-2022\/#webpage\",\"url\":\"http:\/\/concours-danseclassique-arabesque.com\/index.php\/resultats-du-concours-2022\/\",\"name\":\"R\\u00e9sultats du concours 2022 - 6 \\u00e8me CONCOURS DE DANSE CLASSIQUE ARABESQUE 2026\",\"isPartOf\":{\"@id\":\"https:\/\/concours-danseclassique-arabesque.com\/#website\"},\"primaryImageOfPage\":{\"@id\":\"http:\/\/concours-danseclassique-arabesque.com\/index.php\/resultats-du-concours-2022\/#primaryimage\"},\"datePublished\":\"2022-07-26T09:18:53+00:00\",\"dateModified\":\"2023-09-26T19:01:15+00:00\",\"description\":\"CONCOURS NATIONAL DANSE CLASSIQUE ARABESQUE\",\"breadcrumb\":{\"@id\":\"http:\/\/concours-danseclassique-arabesque.com\/index.php\/resultats-du-concours-2022\/#breadcrumb\"},\"inLanguage\":\"fr-FR\",\"potentialAction\":[{\"@type\":\"ReadAction\",\"target\":[\"http:\/\/concours-danseclassique-arabesque.com\/index.php\/resultats-du-concours-2022\/\"]}]},{\"@type\":\"BreadcrumbList\",\"@id\":\"http:\/\/concours-danseclassique-arabesque.com\/index.php\/resultats-du-concours-2022\/#breadcrumb\",\"itemListElement\":[{\"@type\":\"ListItem\",\"position\":1,\"name\":\"Accueil\",\"item\":\"https:\/\/concours-danseclassique-arabesque.com\/\"},{\"@type\":\"ListItem\",\"position\":2,\"name\":\"R\\u00e9sultats du concours 2022\"}]}]}<\/script>\n<!-- \/ Yoast SEO plugin. -->","yoast_head_json":{"title":"R\u00e9sultats du concours 2022 - 6 \u00e8me CONCOURS DE DANSE CLASSIQUE ARABESQUE 2026","description":"CONCOURS NATIONAL DANSE CLASSIQUE ARABESQUE","robots":{"index":"index","follow":"follow","max-snippet":"max-snippet:-1","max-image-preview":"max-image-preview:large","max-video-preview":"max-video-preview:-1"},"canonical":"http:\/\/concours-danseclassique-arabesque.com\/index.php\/resultats-du-concours-2022\/","og_locale":"fr_FR","og_type":"article","og_title":"R\u00e9sultats du concours 2022 - 6 \u00e8me CONCOURS DE DANSE CLASSIQUE ARABESQUE 2026","og_description":"CONCOURS NATIONAL DANSE CLASSIQUE ARABESQUE","og_url":"http:\/\/concours-danseclassique-arabesque.com\/index.php\/resultats-du-concours-2022\/","og_site_name":"6 \u00e8me CONCOURS DE DANSE CLASSIQUE ARABESQUE 2026","article_modified_time":"2023-09-26T19:01:15+00:00","og_image":[{"url":"http:\/\/concours-danseclassique-arabesque.com\/wp-content\/uploads\/2022\/07\/7-Sara-ADAM_8673-1024x731.jpg"}],"twitter_card":"summary_large_image","twitter_site":"@CBeaugency","schema":{"@context":"https:\/\/schema.org","@graph":[{"@type":"Organization","@id":"https:\/\/concours-danseclassique-arabesque.com\/#organization","name":"Les amis de la Danse","url":"https:\/\/concours-danseclassique-arabesque.com\/","sameAs":["https:\/\/twitter.com\/CBeaugency"],"logo":{"@type":"ImageObject","@id":"https:\/\/concours-danseclassique-arabesque.com\/#logo","inLanguage":"fr-FR","url":"http:\/\/concours-danseclassique-arabesque.com\/wp-content\/uploads\/2020\/12\/Logo_Concours_Danse_Classique_Arabesque.jpg","contentUrl":"http:\/\/concours-danseclassique-arabesque.com\/wp-content\/uploads\/2020\/12\/Logo_Concours_Danse_Classique_Arabesque.jpg","width":162,"height":162,"caption":"Les amis de la Danse"},"image":{"@id":"https:\/\/concours-danseclassique-arabesque.com\/#logo"}},{"@type":"WebSite","@id":"https:\/\/concours-danseclassique-arabesque.com\/#website","url":"https:\/\/concours-danseclassique-arabesque.com\/","name":"CONCOURS DE DANSE CLASSIQUE ARABESQUE","description":"Le prochain concours aura lieu le dimanche 1er mars 2026 , au complexe Alain Jarsaillon \u00e0 BEAUGENCY (Loiret).                                                                          Ateliers, \u00e9valuation pr\u00e9professionnelle et prises de plateau le samedi 28 f\u00e9vrier 2026.","publisher":{"@id":"https:\/\/concours-danseclassique-arabesque.com\/#organization"},"potentialAction":[{"@type":"SearchAction","target":{"@type":"EntryPoint","urlTemplate":"https:\/\/concours-danseclassique-arabesque.com\/?s={search_term_string}"},"query-input":"required name=search_term_string"}],"inLanguage":"fr-FR"},{"@type":"ImageObject","@id":"http:\/\/concours-danseclassique-arabesque.com\/index.php\/resultats-du-concours-2022\/#primaryimage","inLanguage":"fr-FR","url":"http:\/\/concours-danseclassique-arabesque.com\/wp-content\/uploads\/2022\/07\/7-Sara-ADAM_8673-1024x731.jpg","contentUrl":"http:\/\/concours-danseclassique-arabesque.com\/wp-content\/uploads\/2022\/07\/7-Sara-ADAM_8673-1024x731.jpg"},{"@type":"WebPage","@id":"http:\/\/concours-danseclassique-arabesque.com\/index.php\/resultats-du-concours-2022\/#webpage","url":"http:\/\/concours-danseclassique-arabesque.com\/index.php\/resultats-du-concours-2022\/","name":"R\u00e9sultats du concours 2022 - 6 \u00e8me CONCOURS DE DANSE CLASSIQUE ARABESQUE 2026","isPartOf":{"@id":"https:\/\/concours-danseclassique-arabesque.com\/#website"},"primaryImageOfPage":{"@id":"http:\/\/concours-danseclassique-arabesque.com\/index.php\/resultats-du-concours-2022\/#primaryimage"},"datePublished":"2022-07-26T09:18:53+00:00","dateModified":"2023-09-26T19:01:15+00:00","description":"CONCOURS NATIONAL DANSE CLASSIQUE ARABESQUE","breadcrumb":{"@id":"http:\/\/concours-danseclassique-arabesque.com\/index.php\/resultats-du-concours-2022\/#breadcrumb"},"inLanguage":"fr-FR","potentialAction":[{"@type":"ReadAction","target":["http:\/\/concours-danseclassique-arabesque.com\/index.php\/resultats-du-concours-2022\/"]}]},{"@type":"BreadcrumbList","@id":"http:\/\/concours-danseclassique-arabesque.com\/index.php\/resultats-du-concours-2022\/#breadcrumb","itemListElement":[{"@type":"ListItem","position":1,"name":"Accueil","item":"https:\/\/concours-danseclassique-arabesque.com\/"},{"@type":"ListItem","position":2,"name":"R\u00e9sultats du concours 2022"}]}]}},"_links":{"self":[{"href":"https:\/\/concours-danseclassique-arabesque.com\/index.php\/wp-json\/wp\/v2\/pages\/442"}],"collection":[{"href":"https:\/\/concours-danseclassique-arabesque.com\/index.php\/wp-json\/wp\/v2\/pages"}],"about":[{"href":"https:\/\/concours-danseclassique-arabesque.com\/index.php\/wp-json\/wp\/v2\/types\/page"}],"author":[{"embeddable":true,"href":"https:\/\/concours-danseclassique-arabesque.com\/index.php\/wp-json\/wp\/v2\/users\/1"}],"replies":[{"embeddable":true,"href":"https:\/\/concours-danseclassique-arabesque.com\/index.php\/wp-json\/wp\/v2\/comments?post=442"}],"version-history":[{"count":12,"href":"https:\/\/concours-danseclassique-arabesque.com\/index.php\/wp-json\/wp\/v2\/pages\/442\/revisions"}],"predecessor-version":[{"id":667,"href":"https:\/\/concours-danseclassique-arabesque.com\/index.php\/wp-json\/wp\/v2\/pages\/442\/revisions\/667"}],"wp:attachment":[{"href":"https:\/\/concours-danseclassique-arabesque.com\/index.php\/wp-json\/wp\/v2\/media?parent=442"}],"curies":[{"name":"wp","href":"https:\/\/api.w.org\/{rel}","templated":true}]}}